 prime factors of ((-403)/806)/(1/(-26234)).
13, 1009
Suppose -3*s + 14 + 7 = 0. Suppose -x + s = -71. What are the prime factors of x?
2, 3, 13
Let c(m) = 23626*m**3 + 94*m - 92. List the prime factors of c(1).
2, 3, 11, 179
Let h be (-17)/(-15)*-1 + (-24)/(-180). What are the prime factors of h + 2 + 2 + (0 - -284)?
7, 41
Let f(m) = -m**3 - 21*m**2 + 22*m + 2. Let u be f(-22). Suppose c - u*h - 705 = 0, -5*h + 425 = -5*c + 3960. List the prime factors of c.
709
Suppose -4*g + 201 = y, -4*y - 4*g = -1039 + 175. Let o(d) = -29*d - 4. Let a be o(5). Let q = a + y. What are the prime factors of q?
2, 3
Let q(u) = -2*u - 24. Let m(d) = -5*d - 48. Let a(h) = 4*m(h) - 9*q(h). Let p be a(4). Suppose 114*t = 113*t + p. List the prime factors of t.
2
Suppose 69 = 2*z - 157. Suppose -b = -2*b - z. Let k = -40 - b. What are the prime factors of k?
73
Let v be (10 - 4 - 15) + (-6 - -11). Let b = 628 + -174. List the prime factors of (0 - b/(-6)) + v/(-12).
2, 19
Let v(h) = 1430*h**2 - 3*h + 1. Let y be v(1). Suppose 3*r + r - 1431 = 5*b, 4*r - 4*b = y. List the prime factors of r.
2, 3, 59
Let y(i) = -i**2 - 41*i - 40. Let z be y(-28). List the prime factors of z*7/(84/32).
2, 3
Let v(w) = w**3 + 8*w**2 + 15*w + 53. Let x be v(-7). What are the prime factors of -6 - 18/x - -237?
3, 79
Let j(c) = -627*c - 2448. What are the prime factors of j(-37)?
3, 6917
Let t(o) = 4 - 7*o - 9 - 12 + 2. What are the prime factors of t(-6)?
3
Let v(p) = -p**3 + 13*p**2 - 8*p - 46. Let c be v(12). Suppose -8*t + c*t + 2172 = 0. What are the prime factors of t?
2, 181
Let x(y) = 190*y**2 - 382*y + 1. What are the prime factors of x(-10)?
3, 7607
Let v = 91 - 38. Let q = 39 + v. List the prime factors of q.
2, 23
Suppose -5*u - 67 = -2*r, -14*r - 4*u = -19*r + 176. What are the prime factors of 594 - 2*(r/(-8) + 3)?
3, 199
Let d = 9 + 276. Suppose d + 159 = 6*w. List the prime factors of w.
2, 37
Let b be -7*1/(-42) + 379/(-6). Let l = 319 + b. What are the prime factors of l?
2
Suppose 17*g - 75 = 10. Let w(u) = 6*u**2 + 9*u + 16. Let f(q) = 11*q**2 + 17*q + 31. Let o(s) = 4*f(s) - 7*w(s). List the prime factors of o(g).
3, 29
What are the prime factors of (34/5)/((-98)/(-226870))?
2, 17, 463
Suppose -3 = -2*k - 1, 684 = y - 2*k. What are the prime factors of y?
2, 7
Suppose 32*j - 824625 - 1003247 = 0. What are the prime factors of j?
239
Suppose 7446 = -15*o - 864. Let g = 811 + o. What are the prime factors of g?
257
Let p(n) = n**3 - 12*n**2 + 13*n + 32. Suppose 17*k - 13*k = 188. Suppose -4*c + t + k = 2*t, 5*c + 3*t = 64. List the prime factors of p(c).
2, 3
Let l be -5 - 25/(-5)*1. Let u(d) = -d + 93. What are the prime factors of u(l)?
3, 31
Suppose 0*h = 3*h - 15. Suppose 2*y + 4*s - 786 = 0, -4*s + 1086 = h*y - 873. List the prime factors of y.
17, 23
Suppose 15*t + 210 = 30*t. What are the prime factors of (35/2 + -2)*t?
7, 31
Suppose 3*o - 13 = -1. Suppose o*g = 3*z + 785, -g - 19 = -z - 216. Suppose 0 = 2*b - g - 82. What are the prime factors of b?
2, 3, 23
Let a(x) be the third derivative of x**6/120 - 7*x**5/60 + 3*x**4/8 + 7*x**3/6 - x**2. Let z = -364 - -371. What are the prime factors of a(z)?
2, 5, 7
Let q be (28/(-6))/((-2)/(-129)). Let m be 1 + -1 - (3 - 2 - q). Let f = 534 + m. List the prime factors of f.
2, 29
Let d(m) = 2*m**2 + 7*m - 34. Let j be d(-7). Suppose j*p - 4620 = 3*p. What are the prime factors of p?
5, 7, 11
Suppose 69*s - 141189 = -9*s + 59*s. List the prime factors of s.
3, 2477
Let y be 3/(-6)*(-8550)/9. Suppose y*f - 482*f + 8463 = 0. What are the prime factors of f?
3, 13, 31
Let i(j) = -149*j**3 - j**2 + 3*j + 4. Let p be 24/(-48)*(1 + 185). Let c = p - -92. What are the prime factors of i(c)?
149
Let w = -53 + 59. What are the prime factors of -1*w*(4 + (-284)/12)?
2, 59
Let a = -33 - -26. Let n be 4 + -106 + (-3 - a). Let d = -20 - n. List the prime factors of d.
2, 3, 13
Suppose -4*f - 23 = -11. Let z be (-815)/(-20) + f + 39/12. Let x = z + -23. List the prime factors of x.
2, 3
Suppose 0 = -z - 3*a + 1795, -1258 = 2*z - 2*a - 4856. What are the prime factors of z?
2, 29, 31
Let p(i) = 65*i**2 - 33*i - 16. List the prime factors of p(28).
2, 5, 41, 61
Let a be (-9)/36 + 634/8. Let r = a - 26. List the prime factors of r.
53
Suppose 0*q + s = 2*q - 10, 4*s + 16 = 0. Suppose -3 = -l - 4, -3*y + 9 = -q*l. Suppose -y*v + 5 = -13. What are the prime factors of v?
3
List the prime factors of 521/((9/(-9))/(-2))*6/4.
3, 521
Suppose -76282 = -55*q + 147403. What are the prime factors of q?
7, 83
Let q = 14517 - 13038. What are the prime factors of q?
3, 17, 29
What are the prime factors of (2540171/402 - (-2)/12) + -1 + -4?
2, 7, 11, 41
Let q(c) = 0*c**2 + 7 + c**2 - 7*c - 2. Let t be q(14). Suppose -19*o = -20*o + t. List the prime factors of o.
103
Let h be (-3982)/18 - (-46)/207. Let o = 424 + h. Let q = o + -82. List the prime factors of q.
11
Let t = 12815 + -7351. List the prime factors of t.
2, 683
Suppose -5*a + 3*s = 711, -s - 65 + 494 = -3*a. Let l = a - -145. What are the prime factors of (1 - 1)*l - -194?
2, 97
Let s be 3 - ((11 - 4) + -7). Suppose d = -2*b + 246, -d = -4*b + s*b - 255. List the prime factors of d.
2, 3, 7
Suppose -u = -4*h + 41374, -47*h = -43*h + 4*u - 41404. What are the prime factors of h?
5, 2069
Let i = 3738 + 1078. List the prime factors of i.
2, 7, 43
Suppose 3*z = -19 - 38. Let p(u) = -u**2 - 23*u + 99. What are the prime factors of p(z)?
5, 7
List the prime factors of (-12)/(-378) + (-745032)/(-189).
2, 3, 73
Suppose 4*z = -62 + 82. What are the prime factors of ((-3)/12)/(((-5)/5716)/z)?
1429
Let h be 8 + -7 + 1 - -4758. Suppose 9*v - h = -1619. What are the prime factors of v?
349
Let q = -48 - -50. Suppose -26 = 4*a - q. Let x(i) = -i**2 - 9*i + 8. List the prime factors of x(a).
2, 13
Let q(o) = -61*o**3 - 3*o**2 - 5*o - 3. Suppose 0 = -4*g - 3*u - 52 + 44, -2*u = 0. List the prime factors of q(g).
3, 7, 23
Suppose 273*f - 276*f + 42 = 0. Suppose -16*k + f*k + 358 = 0. List the prime factors of k.
179
Let s(y) be the second derivative of 1603*y**5/20 + y**4/6 - y**3 + 3*y**2/2 + 198*y. What are the prime factors of s(1)?
2, 3, 89
List the prime factors of (1 - (-13270)/(-20))/(4/(-48)).
2, 3, 5, 53
Suppose -7*p = 3*h - 311205, -18*h - 133363 = -3*p - 14*h. List the prime factors of p.
3, 7, 29, 73
Let c be (-72)/144 + (71/2 - -2). Let t be 3 + 1 + -2 - -152. Suppose -35*j = -c*j + t. List the prime factors of j.
7, 11
Suppose 3*t = 4*i - 6904, -t + 5720 = 2*i + 2258. List the prime factors of i.
7, 13, 19
Let u = 21 - 18. Suppose -4*v + 2*d + 604 = -518, v = -u*d + 277. Let k = v + -187. What are the prime factors of k?
3, 31
Suppose 46*b - 99*b + 381538 + 189060 = 0. List the prime factors of b.
2, 7, 769
Suppose -45*w = -89*w + 534714 - 52826. What are the prime factors of w?
2, 37
Suppose 8*g - 60 = -4*g. Let i = -78 - -148. Suppose 3*x = g*n - i, x = -x. What are the prime factors of n?
2, 7
Let m(o) = 7*o**3 + 4*o**2 - 6*o - 27. Let z(x) = 20*x**3 + 13*x**2 - 18*x - 79. Let s(u) = -17*m(u) + 6*z(u). What are the prime factors of s(-10)?
3, 5
Let c(y) = y**3 + 5*y**2 - 12*y - 28. Let j be c(-6). Suppose f - 981 = -j*f. List the prime factors of f.
109
What are the prime factors of (-1 - -3563)/(9 - 4 - 3)?
13, 137
Let r = 648 - 648. Suppose -i - 685 = -4*s, -s + 4*i + 848 = 4*s. Suppose 2*d + r*d - s = 0. List the prime factors of d.
2, 43
Let m be 83/(-7 + 80/12). Let f = -133 - m. List the prime factors of f.
2, 29
Let b = 51 + -35. Let i = 44 + b. Suppose 7*h - 2*h - i = 0. What are the prime factors of h?
2, 3
Suppose -3*h + 11 = -4. Suppose -366 = -3*l + 4*u, 13*u - 14*u - 627 = -h*l. List the prime factors of l.
2, 3, 7
Let y(j) = 28*j**2 - 120*j + 233. What are the prime factors of y(13)?
3, 5, 227
Let n = 13234 - 3518. List the prime factors of n.
2, 7, 347
Suppose 16*o + 3108 = 154052. What are the prime factors of o?
2, 53, 89
Suppose -4*t + 9 = -r, -2*r = 3*t + 2*t - 47. Suppose -r*b + 1929 = -1657. What are the prime factors of b?
2, 163
Let g(h) = -31*h + 36. Let j be g(8). Let z = j + 410. List the prime factors of z.
2, 3, 11
Let k be ((-32)/32)/(1 - 138/137). Suppose -135*b + k*b = 440. What are the prime factors of b?
2, 5, 11
Let l = 29 - 27. Let d(g) = 42*g**2 - 